5
In base 10, what is 2 + 14?
16
In base 5, what is 2123 - 1?
2122
In base 14, what is -2 + 2b?
29
In base 14, what is 1 - 121?
-120
In base 10, what is -48 - -4?
-44
In base 11, what is 19 + -499?
-480
In base 4, what is -112 - 12213?
-12331
In base 15, what is 13 - -4?
17
In base 10, what is -732 + -10?
-742
In base 16, what is 0 + -21c?
-21c
In base 7, what is 54261 + 5?
54266
In base 5, what is 3 + -41?
-33
In base 3, what is 2 + 10101?
10110
In base 4, what is -20 - 12032?
-12112
In base 8, what is 24 + 337?
363
In base 15, what is -b - -96?
8a
In base 16, what is -5d0 + 4?
-5cc
In base 12, what is -135 - 2?
-137
In base 5, what is 1 - 231?
-230
In base 6, what is 2 - 13123?
-13121
In base 14, what is 5 - -58?
5d
In base 9, what is 333 - -18?
352
In base 8, what is -15 + -136?
-153
In base 5, what is 3 - -432?
440
In base 2, what is -111 - -110011001?
110010010
In base 12, what is -26 - 4?
-2a
In base 15, what is 18 - 49?
-31
In base 12, what is -6 - 219?
-223
In base 11, what is -3 + -329?
-331
In base 2, what is 100010 + 1000011?
1100101
In base 4, what is -113 - -211?
32
In base 3, what is -102211210 - 11?
-102211221
In base 5, what is -3 - 32?
-40
In base 12, what is -3 - 16?
-19
In base 5, what is -1000 - 43?
-1043
In base 13, what is 91b - -8?
926
In base 11, what is 1544 - 4?
1540
In base 13, what is 313 + -3?
310
In base 16, what is -8 + -e?
-16
In base 6, what is -5 - 1552?
-2001
In base 5, what is 22141 - -2?
22143
In base 14, what is 4 + 105?
109
In base 2, what is 11001 - -1101001?
10000010
In base 6, what is 10 - 44?
-34
In base 7, what is -11 - 6024?
-6035
In base 12, what is -929 - -8?
-921
In base 6, what is 2 + 2?
4
In base 11, what is 4 + 485?
489
In base 6, what is 15 - 2045?
-2030
In base 9, what is 2 - -12?
14
In base 10, what is 6 + 11?
17
In base 9, what is 4475 + -3?
4472
In base 6, what is 0 + 15100?
15100
In base 14, what is 3 - -5?
8
In base 12, what is -1 - 4b?
-50
In base 8, what is -10 + -154?
-164
In base 10, what is 212 - -6?
218
In base 3, what is -1120222 + -11?
-1121010
In base 15, what is -2 - -2?
0
In base 16, what is 6 + 3e?
44
In base 5, what is -1310 - 10?
-1320
In base 3, what is 1010001 + -2?
1002222
In base 12, what is -2 + 116?
114
In base 8, what is 5 - 6416?
-6411
In base 7, what is -3052 - -16?
-3033
In base 13, what is -2663 - 1?
-2664
In base 4, what is -11 - 331?
-1002
In base 11, what is -6 + 705?
6aa
In base 14, what is -8 - -147?
13d
In base 5, what is 112 - 11?
101
In base 13, what is -160 - -3?
-15a
In base 15, what is 23a - -7?
242
In base 16, what is 3 + -1a6?
-1a3
In base 2, what is 111 - -11111?
100110
In base 7, what is -660 - -5?
-652
In base 13, what is -1c8 - 1?
-1c9
In base 6, what is 13531 - 2?
13525
In base 9, what is 242 - -4?
246
In base 10, what is 26 - -54?
80
In base 11, what is -2344 + 9?
-2336
In base 8, what is 5 - 2165?
-2160
In base 3, what is 2 - -101222?
102001
In base 10, what is -144 + 3?
-141
In base 16, what is 183 - 1e?
165
In base 7, what is 43 + -32?
11
In base 6, what is -213 + 344?
131
In base 7, what is 2 + -6?
-4
In base 6, what is 4312 + 0?
4312
In base 10, what is 3481 + -2?
3479
In base 16, what is 24 + 0?
24
In base 11, what is -7 + 17?
10
In base 16, what is 116 - 0?
116
In base 7, what is 116 + -320?
-201
In base 8, what is 301 + 5?
306
In base 3, what is -201112 + -21?
-201210
In base 6, what is -1514 + -155?
-2113
In base 14, what is 3 + 225?
228
In base 8, what is -4 - -1676?
1672
In base 5, what is 21300 - -1?
21301
In base 5, what is 10 + -21142?
-21132
In base 15, what is -353 + -1?
-354
In base 9, what is -633 + 1?
-632
In base 11, what is -13 + -334?
-347
In base 12, what is 4 - -14?
18
In base 2, what is 101 - 11111101000?
-11111100011
In base 9, what is -3 + 685?
682
In base 12, what is b1 + 21?
112
In base 11, what is -a1 + -1?
-a2
In base 11, what is -5 - 694?
-699
In base 3, what is 10221 + 12?
11010
In base 3, what is 12 + 1010202?
1010221
In base 13, what is -5 - -b?
6
In base 14, what is -737 - -1?
-736
In base 11, what is 1a4 - -5?
1a9
In base 6, what is -2 - 313?
-315
In base 10, what is -3 - -169?
166
In base 6, what is -10 - 200?
-210
In base 9, what is -3 - 362?
-365
In base 3, what is 21212 + 1?
21220
In base 12, what is -55 + 3?
-52
In base 6, what is 255 + -13?
242
In base 13, what is -63c8 - -4?
-63c4
In base 6, what is 2005 - -2?
2011
In base 7, what is -2 - -32205?
32203
In base 5, what is -134144 - 4?
-134203
In base 4, what is -1300 - 0?
-1300
In base 5, what is 10 + 1040?
1100
In base 8, what is 17 - 1510?
-1471
In base 11, what is 7a + a?
89
In base 16, what is -3 - -12?
f
In base 2, what is -10101011101 + 0?
-10101011101
In base 15, what is 74 - 6?
6d
In base 9, what is 0 - 3535?
-3535
In base 9, what is 6 + -3827?
-3821
In base 10, what is 4 - 287?
-283
In base 5, what is -43 + 4?
-34
In base 8, what is 3 - -3?
6
In base 12, what is -5 - -53?
4a
In base 15, what is -3 + 48?
45
In base 13, what is -44 - -6?
-3b
In base 12, what is 632 - 6?
628
In base 9, what is -155 + 14?
-141
In base 13, what is 4 - 16?
-12
In base 13, what is c9 + 4?
100
In base 11, what is 1425 - 0?
1425
In base 14, what is 0 - 815?
-815
In base 2, what is 11001010 + 100100?
11101110
In base 8, what is -52 - 31?
-103
In base 13, what is -322 - -8?
-317
In base 6, what is 1 - 323?
-322
In base 3, what is 2 + -10000?
-2221
In base 4, what is -12210 + -2?
-12212
In base 13, what is -9 - -131?
125
In base 16, what is -146 - -1?
-145
In base 11, what is -7 - -15?
9
In base 13, what is 1 - 4?
-3
In base 15, what is 4 + 20a?
20e
In base 12, what is 8 - a41?
-a35
In base 4, what is -33 - -11?
-22
In base 8, what is -5 + -673?
-700
In base 10, what is 1290 - 0?
1290
In base 4, what is -1102 - 11?
-1113
In base 14, what is 23 - a4?
-81
In base 16, what is -6 + fa?
f4
In base 10, what is -5 - 137?
-142
In base 9, what is 81 + 4?
85
In base 4, what is 11 + -12201?
-12130
In base 2, what is 10 + 10110010?
10110100
In base 8, what is -32 + 62?
30
In base 16, what is 1 - 75?
-74
In base 16, what is -16 - -1bb?
1a5
In base 8, what is 2 + 302?
304
In base 9, what is -161 - -37?
-123
In base 3, what is 0 + 222?
222
In base 7, what is -31 + -13?
-44
In base 8, what is -245 - 23?
-270
In base 11, what is -455 + 5?
-450
In base 12, what is 5 + -a4?
-9b
In base 3, what is -10 + -22?
-102
In base 12, what is -35b + 5?
-356
In base 3, what is 2 + -120012?
-120010
In base 3, what is 122000222 + -1?
122000221
In base 3, what is 201 + -2011?
-1110
In base 16, what is -97c - 3?
-97f
In base 11, what is 738 + -3?
735
In base 5, what is 10 - -10424?
10434
In base 14, what is -4 - -3?
-1
In base 8, what is -17 + 3?
-14
In base 15, what is -176 + -1d?
-194
In base 5, what is 0 + -430?
-430
In base 5, what is 0 + -34040?
-34040
In base 12, what is -7b8 - -3?
-7b5
In base 6, what is -253 + 10?
-243
In base 2, what is -101 + -1101101111?
-1101110100
In base 13, what is 4 + 62?
66
In base 5, what is 212 + -30?
132
In base 7, what is 155 - -53?
241
In base 16, what is -fe + 1?
-fd
In base 9, what is -5 + 31?
25
In base 4, what is -1302 + -10?
-1312
In base 11, what is 0 + -1292?
-1292
In base 5, what is -2231 + 2?
-2224
In base 8, what is -2336 - 3?
-2341
In base 14, what is -42 - 2?
-44
In base 6, what is 0 - -134?
134
In base 5, what is 4021 + 10?
4031
In base 3, what is 1 + 1122?
1200
In base 10, what is 2457 + 4?
2461
In base 8, what is 63 - -34?
117
In base 10, what is 11 + -35?
-24
In base 12, what is -2 - -810?
80a
In base 6, what is 1 - -1114?
1115
In base 13, what is 118 + -20?
c8
In base 14, what is 6 - -5?
b
In base 13, what is 144b - -4?
1452
In base 8, what is 1 + -1127?
-1126
In base 3, what is -10 + 111101210?
111101200
In base 10, what is 5 + 290?
295
In base 7, what is 2206 + 2?
2211
In base 14, what is -ca13 - 1?
-ca14
In base 6, what is -32 - -43?
11
In base 3, what is 2 + 20020?
20022
In base 15, what is 1c - -5?
22
In base 6, what is 5 - 155?
-150
In base 3, what is -11 - 2222?
-10010
In base 9, what is 6 + -15?
-8
In base 3, what is 12011 - 2111?
2200
In base 12, what is 266 - -20?
286
In base 12, what is 1 - -14a4?
14a5
In base 14, what is 739 + -4?
735
In base 3, what is 102 + 2?
111
In base 15, what is 1 + 31?
32
In base 4, what is 32030 - 10?
32020
